{"id":359,"date":"2025-09-21T19:47:02","date_gmt":"2025-09-21T18:47:02","guid":{"rendered":"https:\/\/seegold.ch\/index.php\/event\/apero-im-kern-2\/"},"modified":"2025-09-21T20:23:15","modified_gmt":"2025-09-21T19:23:15","slug":"apero-im-kern-2","status":"publish","type":"tribe_events","link":"https:\/\/seegold.ch\/index.php\/event\/apero-im-kern-2\/","title":{"rendered":"Ap\u00e9ro im Kern"},"content":{"rendered":"<p>Diesen Freitag finder der 4. und letzte Ap\u00e9ro im Dorfkern f\u00fcr dieses Jahr statt. Wir freuen uns ausserordentlich, euch die wundervolle K\u00fcnstlerin Nora Ginger pr\u00e4sentieren zu d\u00fcrfen. Mit ihrem Singer-Songwriter-Pop wird sie Richterswil verzaubern.<\/p>\n<p>\u2013 ab ca. 17 Uhr Food &amp; Drinks am Dorfplatz, Warm-up by DJ Cook\u2019n\u2019Roll<br \/>\n\u2013 Nora Ginger um 19:30 Uhr<br \/>\n\u2013 danach feiern wir fr\u00f6hlich weiter; mit DJ Cook\u2019n\u2019Roll am Plattenteller und Hits zum Mitsingen und -tanzen, Seventies, Disco und auch der eine oder andere Schlager wird aufgelegt<\/p>\n<p>Auch bei sehr schlechtem Wetter feiern wir trotzdem; das Konzert und die Disco finden dann drinnen im Freihof statt<\/p>\n<p>Freut euch auf einen sch\u00f6nen Abend im Dorfkern, bei hoffentlich trockenem Wetter und mit vielen lieben und fr\u00f6hlichen Menschen.<\/p>\n","protected":false},"excerpt":{"rendered":"<p>Diesen Freitag finder der 4. und letzte Ap\u00e9ro im Dorfkern f\u00fcr dieses Jahr statt. Wir freuen uns ausserordentlich, euch die wundervolle K\u00fcnstlerin Nora Ginger pr\u00e4sentieren zu d\u00fcrfen. Mit ihrem Singer-Songwriter-Pop [&hellip;]<\/p>\n","protected":false},"author":1,"featured_media":358,"template":"","meta":{"_et_pb_use_builder":"","_et_pb_old_content":"","_et_gb_content_width":"","_tribe_events_status":"","_tribe_events_status_reason":"","_tribe_events_is_hybrid":"","_tribe_events_is_virtual":"","_tribe_events_virtual_video_source":"","_tribe_events_virtual_embed_video":"","_tribe_events_virtual_linked_button_text":"","_tribe_events_virtual_linked_button":"","_tribe_events_virtual_show_embed_at":"","_tribe_events_virtual_show_embed_to":[],"_tribe_events_virtual_show_on_event":"","_tribe_events_virtual_show_on_views":"","_tribe_events_virtual_url":"","footnotes":""},"tags":[24,25,26,27,28],"tribe_events_cat":[12],"class_list":["post-359","tribe_events","type-tribe_events","status-publish","has-post-thumbnail","hentry","tag-apero","tag-dorfleben","tag-dorfstrasse","tag-kultur","tag-musik","tribe_events_cat-event","cat_event"],"_links":{"self":[{"href":"https:\/\/seegold.ch\/index.php\/wp-json\/wp\/v2\/tribe_events\/359","targetHints":{"allow":["GET"]}}],"collection":[{"href":"https:\/\/seegold.ch\/index.php\/wp-json\/wp\/v2\/tribe_events"}],"about":[{"href":"https:\/\/seegold.ch\/index.php\/wp-json\/wp\/v2\/types\/tribe_events"}],"author":[{"embeddable":true,"href":"https:\/\/seegold.ch\/index.php\/wp-json\/wp\/v2\/users\/1"}],"version-history":[{"count":2,"href":"https:\/\/seegold.ch\/index.php\/wp-json\/wp\/v2\/tribe_events\/359\/revisions"}],"predecessor-version":[{"id":361,"href":"https:\/\/seegold.ch\/index.php\/wp-json\/wp\/v2\/tribe_events\/359\/revisions\/361"}],"wp:featuredmedia":[{"embeddable":true,"href":"https:\/\/seegold.ch\/index.php\/wp-json\/wp\/v2\/media\/358"}],"wp:attachment":[{"href":"https:\/\/seegold.ch\/index.php\/wp-json\/wp\/v2\/media?parent=359"}],"wp:term":[{"taxonomy":"post_tag","embeddable":true,"href":"https:\/\/seegold.ch\/index.php\/wp-json\/wp\/v2\/tags?post=359"},{"taxonomy":"tribe_events_cat","embeddable":true,"href":"https:\/\/seegold.ch\/index.php\/wp-json\/wp\/v2\/tribe_events_cat?post=359"}],"curies":[{"name":"wp","href":"https:\/\/api.w.org\/{rel}","templated":true}]}}

Apéro im Kern

<p>Diesen Freitag finder der 4. und letzte Apéro im Dorfkern für dieses Jahr statt. Wir freuen uns ausserordentlich, euch die wundervolle Künstlerin Nora Ginger präsentieren zu dürfen. Mit ihrem Singer-Songwriter-Pop wird sie Richterswil verzaubern.</p>
<p>– ab ca. 17 Uhr Food &amp; Drinks am Dorfplatz, Warm-up by DJ Cook’n’Roll<br />
– Nora Ginger um 19:30 Uhr<br />
– danach feiern wir fröhlich weiter; mit DJ Cook’n’Roll am Plattenteller und Hits zum Mitsingen und -tanzen, Seventies, Disco und auch der eine oder andere Schlager wird aufgelegt</p>
<p>Auch bei sehr schlechtem Wetter feiern wir trotzdem; das Konzert und die Disco finden dann drinnen im Freihof statt</p>
<p>Freut euch auf einen schönen Abend im Dorfkern, bei hoffentlich trockenem Wetter und mit vielen lieben und fröhlichen Menschen.</p>

<p>Diesen Freitag finder der 4. und letzte Apéro im Dorfkern für dieses Jahr statt. Wir freuen uns ausserordentlich, euch die wundervolle Künstlerin Nora Ginger präsentieren zu dürfen. Mit ihrem Singer-Songwriter-Pop [&hellip;]</p>
