{"id":10000013,"date":"2025-03-09T16:53:13","date_gmt":"2025-03-09T15:53:13","guid":{"rendered":"https:\/\/seegold.ch\/?post_type=tribe_events&#038;p=253"},"modified":"2025-04-28T14:37:35","modified_gmt":"2025-04-28T13:37:35","slug":"apero-im-kern","status":"publish","type":"tribe_events","link":"https:\/\/seegold.ch\/index.php\/event\/apero-im-kern\/2025-06-27\/","title":{"rendered":"Ap\u00e9ro im Kern"},"content":{"rendered":"<p>Nach dem erfolgreichen Testlauf im letzten Jahr f\u00fchren die Gastronomen vom Heimetli, KernGr\u00fcn, Bistrot Levi und Freihof\/Spielhof den Event nun an vier Freitagabenden im Jahr mit Herzblut und Leidenschaft durch. Auf der autofreien Dorfstrasse und am Dorfplatz laden Marktst\u00e4nde und Festb\u00e4nke zum Entdecken, Verweilen und gem\u00fctlichen Zusammensein ein. Unterhaltung mit Strassenmusikanten und DJ&#8217;s. Ap\u00e9ro im Kern &#8211; die neue After Work Party im Dorfkern unter freiem Himmel.<\/p>\n","protected":false},"excerpt":{"rendered":"<p>Nach dem erfolgreichen Testlauf im letzten Jahr f\u00fchren die Gastronomen vom Heimetli, KernGr\u00fcn, Bistrot Levi und Freihof\/Spielhof den Event nun an vier Freitagabenden im Jahr mit Herzblut und Leidenschaft durch. [&hellip;]<\/p>\n","protected":false},"author":1,"featured_media":295,"template":"","meta":{"_et_pb_use_builder":"","_et_pb_old_content":"","_et_gb_content_width":"","_tribe_events_status":"","_tribe_events_status_reason":"","_tribe_events_is_hybrid":"","_tribe_events_is_virtual":"","_tribe_events_virtual_video_source":"","_tribe_events_virtual_embed_video":"","_tribe_events_virtual_linked_button_text":"","_tribe_events_virtual_linked_button":"","_tribe_events_virtual_show_embed_at":"","_tribe_events_virtual_show_embed_to":[],"_tribe_events_virtual_show_on_event":"","_tribe_events_virtual_show_on_views":"","_tribe_events_virtual_url":"","footnotes":""},"tags":[24,25,26,27,28],"tribe_events_cat":[12],"class_list":["post-10000013","tribe_events","type-tribe_events","status-publish","has-post-thumbnail","hentry","tag-apero","tag-dorfleben","tag-dorfstrasse","tag-kultur","tag-musik","tribe_events_cat-event","cat_event","tribe-recurring-event","tribe-recurring-event-parent"],"_links":{"self":[{"href":"https:\/\/seegold.ch\/index.php\/wp-json\/wp\/v2\/tribe_events\/10000013","targetHints":{"allow":["GET"]}}],"collection":[{"href":"https:\/\/seegold.ch\/index.php\/wp-json\/wp\/v2\/tribe_events"}],"about":[{"href":"https:\/\/seegold.ch\/index.php\/wp-json\/wp\/v2\/types\/tribe_events"}],"author":[{"embeddable":true,"href":"https:\/\/seegold.ch\/index.php\/wp-json\/wp\/v2\/users\/1"}],"version-history":[{"count":0,"href":"https:\/\/seegold.ch\/index.php\/wp-json\/wp\/v2\/tribe_events\/10000013\/revisions"}],"wp:featuredmedia":[{"embeddable":true,"href":"https:\/\/seegold.ch\/index.php\/wp-json\/wp\/v2\/media\/295"}],"wp:attachment":[{"href":"https:\/\/seegold.ch\/index.php\/wp-json\/wp\/v2\/media?parent=10000013"}],"wp:term":[{"taxonomy":"post_tag","embeddable":true,"href":"https:\/\/seegold.ch\/index.php\/wp-json\/wp\/v2\/tags?post=10000013"},{"taxonomy":"tribe_events_cat","embeddable":true,"href":"https:\/\/seegold.ch\/index.php\/wp-json\/wp\/v2\/tribe_events_cat?post=10000013"}],"curies":[{"name":"wp","href":"https:\/\/api.w.org\/{rel}","templated":true}]}}

Apéro im Kern

<p>Nach dem erfolgreichen Testlauf im letzten Jahr führen die Gastronomen vom Heimetli, KernGrün, Bistrot Levi und Freihof/Spielhof den Event nun an vier Freitagabenden im Jahr mit Herzblut und Leidenschaft durch. Auf der autofreien Dorfstrasse und am Dorfplatz laden Marktstände und Festbänke zum Entdecken, Verweilen und gemütlichen Zusammensein ein. Unterhaltung mit Strassenmusikanten und DJ&#8217;s. Apéro im Kern &#8211; die neue After Work Party im Dorfkern unter freiem Himmel.</p>

<p>Nach dem erfolgreichen Testlauf im letzten Jahr führen die Gastronomen vom Heimetli, KernGrün, Bistrot Levi und Freihof/Spielhof den Event nun an vier Freitagabenden im Jahr mit Herzblut und Leidenschaft durch. [&hellip;]</p>
